
2, 13
Let t(u) = u**2 + u + 1. Let k(x) = -6*x**2 - 2*x - 1. Let i(p) = -k(p) + t(p). What are the prime factors of i(-1)?
2, 3
Suppose 5*m + 5*b = -105, 0 = -2*m + 3*b - 30 - 27. Let a be 0*(-2)/m*4. Suppose -5*n - 29 = -3*r + 194, -2*r - 2*n + 122 = a. List the prime factors of r.
2, 3, 11
Let l(c) = 3*c**2 + 6*c + 7. Suppose 11 = 4*p + 3*w, -6 = -3*p - 0*w - 3*w. Let d be 8/(-20) - 13/p. List the prime factors of l(d).
2
Let y(u) = 3*u + 5. Let o be y(3). Suppose -45 = f + o. Let v = -33 - f. List the prime factors of v.
2, 13
List the prime factors of (-86 - (4 + -9))/((-1)/21).
3, 7
Let p(c) = -c**3 + 11*c**2 - 12. Let r be p(11). Let i = r + 6. What are the prime factors of 690/(-20)*4/i?
23
Suppose 14*c + 51 = 11*c. Let f = 102 + c. What are the prime factors of f?
5, 17
Suppose -9114 = -12*w + 10710. List the prime factors of w.
2, 7, 59
Let x(a) = 3*a**3 + a**2 + 3*a - 7. Let l be x(3). Let y = l + -37. List the prime factors of y.
5, 11
Suppose -28358 + 9646 = -8*i. List the prime factors of i.
2339
Let o(a) = -a**2 + 3*a - 6. Let g be o(3). Let u(c) = -12*c - 4. What are the prime factors of u(g)?
2, 17
Let o be 1/3 + 2004/36. Let h be 208/o + 4/14. Suppose 0 = h*i - 3*x - 111, -8*i + 3*x = -3*i - 141. What are the prime factors of i?
2, 3, 5
Suppose -3*a = 5*t - 6212, 12*a - 8*a + 3*t = 8301. What are the prime factors of a?
3, 7, 11
Suppose -8 = -4*l, 35*a - 32*a = -4*l + 4817. What are the prime factors of a?
7, 229
Let q = -411 - -780. List the prime factors of q.
3, 41
Let b = -145 - -147. Suppose 0 = -b*m + 4*n + 246, -3*m = -6*m - n + 369. What are the prime factors of m?
3, 41
Let a(p) = -301*p + 13. Let c(b) = -75*b + 6. Let h(t) = -1. Let r(k) = c(k) + 3*h(k). Let n(i) = 2*a(i) - 9*r(i). List the prime factors of n(1).
2, 3
Suppose 0 = b - 2 + 3, -3*t + 5*b = -485. List the prime factors of t.
2, 5
Let d(w) = -2*w**3 + 48*w**2 - 43*w - 26. What are the prime factors of d(23)?
43
Suppose b + 5166 = -2*g + 6*g, -3*b = 5*g - 6466. List the prime factors of g.
2, 17, 19
Suppose -13850 = -7*h - 214. List the prime factors of h.
2, 487
Let j(t) = -t - 7. Let l be j(7). Let d be ((-42)/l)/((-6)/8). What are the prime factors of (-2 + 3)/(d/(-68))?
17
Suppose -294*j = -284*j - 18250. What are the prime factors of j?
5, 73
Let v = -1623 + 2409. List the prime factors of v.
2, 3, 131
Suppose 11*x - 747 = 1409. Let g = x + -109. List the prime factors of g.
3, 29
List the prime factors of (132/(-77))/(8/(-5124)).
2, 3, 61
Suppose 3*k - 53 = 31. Suppose -f - k = -5*f. Suppose f = -4*c + 59. List the prime factors of c.
13
Let p(m) = -98*m - 172. List the prime factors of p(-30).
2, 173
Let r(d) = 248*d**2 - 31*d + 43. What are the prime factors of r(4)?
13, 23
Let g(d) = d**2 - 14*d + 15. Let n be (2/3)/(6/117). What are the prime factors of g(n)?
2
Suppose y = 4 - 1. Suppose -2*u - 4*s = -138, -257 = -4*u + y*s + 8. What are the prime factors of u?
67
Let m = -849 - -1328. List the prime factors of m.
479
Let l = -1948 - -4486. List the prime factors of l.
2, 3, 47
Let a be (-6)/3 + 1 + (-9 - -2166). Suppose -10*n - a = -17*n. List the prime factors of n.
2, 7, 11
Suppose -5*q = -7*o + 4*o + 8265, -4*o - 3332 = 2*q. What are the prime factors of (9/(-3))/(-6) - q/16?
2, 13
Suppose -4*n + 14 = -2. Let i(o) = -o**3 + o**2 + o. Let h(g) = -3*g**3 + 4*g**2 + 2*g - 6. Let y(j) = -h(j) + 2*i(j). List the prime factors of y(n).
2, 19
Let b(k) = k**3 + 4*k**2 - 7*k - 7. Suppose 0 = -0*o - 4*o + 12. Suppose -o*n + 4*n = -5. List the prime factors of b(n).
3
Let h = -3 - -10. Suppose h*q - 890 + 204 = 0. Suppose -6*c + 88 + q = 0. What are the prime factors of c?
31
Let p(j) = -3*j - 20. Suppose -i - 15 = 5*y, -5*i + 10 = 4*y + 1. Let z = y - 14. List the prime factors of p(z).
2, 17
Let r = -1244 + 3087. List the prime factors of r.
19, 97
Let q = -33 + 146. Let f be (-53)/(0 - (-2)/(-6)). Suppose -4*h - 5*v + f = 0, 3*h = -4*v - v + q. List the prime factors of h.
2, 23
Let l = 17 + -25. What are the prime factors of -1 + (58 - l)*(-3)/(-2)?
2, 7
Let i(g) = -6*g**3 + 4*g**2 + 5*g + 4. Let x be (-10 + 5 - -1) + 2 + 0. List the prime factors of i(x).
2, 29
Let f(k) = 7 - 101*k - 73 + 24. What are the prime factors of f(-3)?
3, 29
Let y(x) = 3*x + 1. Let j be y(6). Let t(d) = -3*d - 17. Let w be t(-11). What are the prime factors of w/12*(j + -1)?
2, 3
Suppose -4*a - 2*k = 3286, k + k + 820 = -a. What are the prime factors of ((8/6)/(-4))/(2/a)?
137
Let g = -22 - -17. Let b be (-2)/g - (-9)/15. List the prime factors of 13 + (b - -3) + -2.
3, 5
Let r(i) = -219*i - 147. List the prime factors of r(-4).
3
Let y be (19 - 0)*(-5 + 6). Suppose z - 2*z = -y. Suppose 73 = 4*o - z. List the prime factors of o.
23
Let j(q) = -q + 12. Let i(o) = -o**2 - 5*o + 4. Let f be i(-3). Let x be j(f). Let v = 13 - x. List the prime factors of v.
11
List the prime factors of (-12)/(6 - 8154/1356).
2, 113
Let y(l) = -l**2 + 8*l - 5. Let s be y(5). Suppose -5*b - 3*x + 47 + 54 = 0, -5*x = -s. What are the prime factors of b?
19
List the prime factors of 2766*(1 + -1 + 5/15).
2, 461
Let s be (3/2)/3*4. Let h(d) = d**3 + 10*d**2 + 5 - 11*d + s*d - 2*d**3. List the prime factors of h(9).
5
Suppose -3*i + 4*i = c + 389, 2*i - 778 = -3*c. What are the prime factors of i?
389
Let p(h) = h**2 + 10*h - 8. Let x = -5 + 1. Let a = -15 - x. List the prime factors of p(a).
3
Suppose 4*k = 2*b - 18 - 160, 0 = -b - 2*k + 85. List the prime factors of b.
3, 29
Suppose 0 = 2*p - z - 2112, -2*p + 2114 = -8*z + 6*z. What are the prime factors of p?
5, 211
Let x(i) = -i**2 + 9*i + 10. Let r be x(6). Let u be (-14)/(-8)*r*1. Let v = u - -2. What are the prime factors of v?
3, 17
Let n(m) = 331*m + 450. List the prime factors of n(6).
2, 3, 7, 29
Let r(k) = 2*k - 9. Let g be (6/(2 + -1))/2. Let v be g/(-9)*-3*7. What are the prime factors of r(v)?
5
Let u = -145 - -95. Suppose -3*q - 4*z - 5 = 2*q, -3*q - 3 = 5*z. List the prime factors of u*(-2 - -1) + q.
7
Let n(t) = 3*t**2 - 19*t + 9. Let d be n(6). Suppose 4*r + 7*i = 2*i + 259, -d*r = 5*i - 198. List the prime factors of r.
61
Let n(z) = -3*z**2 + z + 27. Let d be n(8). Let k(a) = 19*a + 1. Let p be k(-5). Let m = p - d. List the prime factors of m.
3, 7
Suppose 40 = -b + 140. What are the prime factors of b?
2, 5
Let w(h) be the third derivative of h**6/120 - h**5/10 + h**4/12 + h**3 - 3*h**2. Let p be w(6). What are the prime factors of ((-10)/(-3))/(p/189)?
5, 7
Suppose 0 = -x + 20*t - 23*t + 2611, -5226 = -2*x - 4*t. List the prime factors of x.
2617
List the prime factors of 375 - 0/((-2)/(-3)*-3).
3, 5
Suppose 3*n - 27 = -3*g, -7*n + 3*n = -4*g - 12. Suppose n*t - 16 = 5*t. List the prime factors of t.
2
Suppose 9*r - 73 - 107 = 0. What are the prime factors of r?
2, 5
Let g(u) = 7*u + 11. Let b be g(8). Suppose 1 = -s + b. What are the prime factors of s?
2, 3, 11
Let h(i) = -i**3 + 10*i**2 + 27*i - 29. Let b be h(12). Suppose -b*a - 212 = -590. List the prime factors of a.
2, 3
Suppose -10 = -3*r + 5. Suppose 47 = -r*q + 262. Suppose -a + 0*y + q = 3*y, -5*y + 215 = 5*a. What are the prime factors of a?
43
List the prime factors of (-8)/(-20) + 38215/25.
11, 139
Let t be -3*(-4)/(-12)*-4. Suppose -4*o = 3*p + 16, p - t*o = -2*o - 22. What are the prime factors of (p/(-30))/(2/10)?
2
Let b = 1 - -3. Suppose 14*d - 10*d = 0. Suppose 4*a - 92 = 2*i + 2*i, d = 2*a - b*i - 54. List the prime factors of a.
19
Let h(x) = -x**2 - 17*x + 45. Suppose 27 = 5*u + 2, 2*p + 2*u = -28. What are the prime factors of h(p)?
7
Suppose -5*b - 2*g + 4 = 0, -2*g + 0*g - 14 = -4*b. Let j(o) = o**3 + 5*o**2 + 7*o + 4. Let a be j(-3). Suppose -n + a = -b. List the prime factors of n.
3
Let r(u) = 7*u**2 - 8. Let d(s) = 6*s**2 + s - 7. Let z(v) = 6*d(v) - 5*r(v). List the prime factors of z(-7).
5
Let a(w) = 8*w - 4. Let u be a(-7). Let d = -13 - u. What are the prime factors of d?
47
Let r(v) = -109*v + 82. What are the prime factors of r(-6)?
2, 23
Let t(u) = -21*u - 23. Let k be t(-2). Suppose 4*z + 345 = k*z. List the prime factors of z.
23
What are the prime factors of (-4)/(-12) - -1 - (-9376)/24?
2, 7
Let n be (1 + -21)*9/(-12). Suppose n*g + 180 = 20*g. List the prime factors of g.
2, 3
Let o be (10/4)/5*-2. Let s(q) = 90*q**2 - 3*q - 